{"id":7513,"date":"2022-10-21T22:22:00","date_gmt":"2022-10-22T01:22:00","guid":{"rendered":"https:\/\/raulcecilio.com\/?page_id=7513"},"modified":"2022-10-21T22:23:15","modified_gmt":"2022-10-22T01:23:15","slug":"duvet-02-pt_br","status":"publish","type":"page","link":"https:\/\/raulcecilio.com\/index.php\/pt\/collections-pt_br\/ark-pieces-pt_br\/1st-chest-pt_br\/duvets-pt_br\/duvet-02-pt_br\/","title":{"rendered":"Duvet 02 &#8211; pt_BR"},"content":{"rendered":"\t\t<div data-elementor-type=\"wp-page\" data-elementor-id=\"7513\" class=\"elementor elementor-7513\">\n\t\t\t\t\t\t\t\t\t<section class=\"elementor-section elementor-top-section elementor-element elementor-element-3ca3f79 elementor-section-boxed elementor-section-height-default elementor-section-height-default\" data-id=\"3ca3f79\" data-element_type=\"section\">\n\t\t\t\t\t\t<div class=\"elementor-container elementor-column-gap-default\">\n\t\t\t\t\t<div class=\"elementor-column elementor-col-66 elementor-top-column elementor-element elementor-element-ec5053f\" data-id=\"ec5053f\" data-element_type=\"column\">\n\t\t\t<div class=\"elementor-widget-wrap elementor-element-populated\">\n\t\t\t\t\t\t\t\t<div class=\"elementor-element elementor-element-4fdba38 elementor-widget elementor-widget-image\" data-id=\"4fdba38\" data-element_type=\"widget\" data-widget_type=\"image.default\">\n\t\t\t\t<div class=\"elementor-widget-container\">\n\t\t\t\t\t\t\t\t\t\t\t\t\t\t\t\t<a href=\"http:\/\/raulcecilio.com\/wp-content\/uploads\/2022\/08\/Duvet-02-G.jpg\" data-elementor-open-lightbox=\"yes\" data-elementor-lightbox-title=\"Duvet 02\" data-e-action-hash=\"#elementor-action%3Aaction%3Dlightbox%26settings%3DeyJpZCI6NTg0OSwidXJsIjoiaHR0cHM6XC9cL3JhdWxjZWNpbGlvLmNvbVwvd3AtY29udGVudFwvdXBsb2Fkc1wvMjAyMlwvMDhcL0R1dmV0LTAyLUcuanBnIn0%3D\">\n\t\t\t\t\t\t\t<img decoding=\"async\" width=\"465\" height=\"1024\" src=\"https:\/\/raulcecilio.com\/wp-content\/uploads\/2022\/08\/Duvet-02-G-465x1024.jpg\" class=\"attachment-large size-large wp-image-5849\" alt=\"\" srcset=\"https:\/\/raulcecilio.com\/wp-content\/uploads\/2022\/08\/Duvet-02-G-465x1024.jpg 465w, https:\/\/raulcecilio.com\/wp-content\/uploads\/2022\/08\/Duvet-02-G-136x300.jpg 136w, https:\/\/raulcecilio.com\/wp-content\/uploads\/2022\/08\/Duvet-02-G-768x1690.jpg 768w, https:\/\/raulcecilio.com\/wp-content\/uploads\/2022\/08\/Duvet-02-G-698x1536.jpg 698w, https:\/\/raulcecilio.com\/wp-content\/uploads\/2022\/08\/Duvet-02-G.jpg 840w\" sizes=\"(max-width: 465px) 100vw, 465px\" style=\"width:100%;height:220%;max-width:840px\" \/>\t\t\t\t\t\t\t\t<\/a>\n\t\t\t\t\t\t\t\t\t\t\t\t\t\t\t<\/div>\n\t\t\t\t<\/div>\n\t\t\t\t<div class=\"elementor-element elementor-element-a00b7a8 elementor-widget elementor-widget-image\" data-id=\"a00b7a8\" data-element_type=\"widget\" data-widget_type=\"image.default\">\n\t\t\t\t<div class=\"elementor-widget-container\">\n\t\t\t\t\t\t\t\t\t\t\t\t\t\t\t\t<a href=\"http:\/\/raulcecilio.com\/wp-content\/uploads\/2021\/10\/Duvet-02.jpg\" data-elementor-open-lightbox=\"yes\" data-e-action-hash=\"#elementor-action%3Aaction%3Dlightbox%26settings%3DeyJpZCI6MTY3OCwidXJsIjpmYWxzZX0%3D\">\n\t\t\t\t\t\t\t<img decoding=\"async\" src=\"http:\/\/raulcecilio.com\/wp-content\/uploads\/2021\/10\/Duvet-02.jpg\" title=\"\" alt=\"\" loading=\"lazy\" \/>\t\t\t\t\t\t\t\t<\/a>\n\t\t\t\t\t\t\t\t\t\t\t\t\t\t\t<\/div>\n\t\t\t\t<\/div>\n\t\t\t\t\t<\/div>\n\t\t<\/div>\n\t\t\t\t<div class=\"elementor-column elementor-col-33 elementor-top-column elementor-element elementor-element-0d6a1bb\" data-id=\"0d6a1bb\" data-element_type=\"column\">\n\t\t\t<div class=\"elementor-widget-wrap elementor-element-populated\">\n\t\t\t\t\t\t\t\t<div class=\"elementor-element elementor-element-233b1c9 elementor-widget elementor-widget-text-editor\" data-id=\"233b1c9\" data-element_type=\"widget\" data-widget_type=\"text-editor.default\">\n\t\t\t\t<div class=\"elementor-widget-container\">\n\t\t\t\t\t\t\t<p>Duvet 02<\/p>\t\t\t\t\t\t<\/div>\n\t\t\t\t<\/div>\n\t\t\t\t<div class=\"elementor-element elementor-element-2ce0e9b elementor-widget elementor-widget-text-editor\" data-id=\"2ce0e9b\" data-element_type=\"widget\" data-widget_type=\"text-editor.default\">\n\t\t\t\t<div class=\"elementor-widget-container\">\n\t\t\t\t\t\t\t<p>Duvet 02, agosto de 2018, Raul Cecilio<\/p>\t\t\t\t\t\t<\/div>\n\t\t\t\t<\/div>\n\t\t\t\t<div class=\"elementor-element elementor-element-2c3118d elementor-widget elementor-widget-text-editor\" data-id=\"2c3118d\" data-element_type=\"widget\" data-widget_type=\"text-editor.default\">\n\t\t\t\t<div class=\"elementor-widget-container\">\n\t\t\t\t\t\t\t<p>Tamanho 44 x 20 cm<\/p>\t\t\t\t\t\t<\/div>\n\t\t\t\t<\/div>\n\t\t\t\t<div class=\"elementor-element elementor-element-fbbef02 elementor-widget elementor-widget-text-editor\" data-id=\"fbbef02\" data-element_type=\"widget\" data-widget_type=\"text-editor.default\">\n\t\t\t\t<div class=\"elementor-widget-container\">\n\t\t\t\t\t\t\t<p>Composi\u00e7\u00e3o abstrata formada por 55 pe\u00e7as pintadas digitalmente. O conjunto das pe\u00e7as forma o edredon. Cont\u00e9m uma variedade de cores.<\/p>\t\t\t\t\t\t<\/div>\n\t\t\t\t<\/div>\n\t\t\t\t<div class=\"elementor-element elementor-element-1061f68 elementor-widget elementor-widget-text-editor\" data-id=\"1061f68\" data-element_type=\"widget\" data-widget_type=\"text-editor.default\">\n\t\t\t\t<div class=\"elementor-widget-container\">\n\t\t\t\t\t\t\t<p>Palavras-chave: arte moderna, arte contempor\u00e2nea, arte decorativa, gravura emoldurada, mosaico, abstrato, arte de parede, decora\u00e7\u00e3o para sala, decora\u00e7\u00e3o para quarto, decora\u00e7\u00e3o para escrit\u00f3rio, decora\u00e7\u00e3o para recep\u00e7\u00e3o, objeto de decora\u00e7\u00e3o, objeto de arte, pe\u00e7a de decora\u00e7\u00e3o, pintura, edredon, composi\u00e7\u00e3o abstrata, impress\u00e3o, gravura, geom\u00e9trico, pe\u00e7as, azulejo, pastilha, colorido, edredon, raul cecilio<\/p>\t\t\t\t\t\t<\/div>\n\t\t\t\t<\/div>\n\t\t\t\t\t<\/div>\n\t\t<\/div>\n\t\t\t\t\t\t\t<\/div>\n\t\t<\/section>\n\t\t\t\t\t\t\t<\/div>\n\t\t","protected":false},"excerpt":{"rendered":"<p>Duvet 02 Duvet 02, agosto de 2018, Raul Cecilio Tamanho 44 x 20 cm Composi\u00e7\u00e3o abstrata formada por 55 pe\u00e7as pintadas digitalmente. O conjunto das pe\u00e7as forma o edredon. Cont\u00e9m uma variedade de cores. Palavras-chave: arte moderna, arte contempor\u00e2nea, arte decorativa, gravura emoldurada, mosaico, abstrato, arte de parede, decora\u00e7\u00e3o para sala, decora\u00e7\u00e3o para quarto, decora\u00e7\u00e3o&hellip; <a class=\"more-link\" href=\"https:\/\/raulcecilio.com\/index.php\/pt\/collections-pt_br\/ark-pieces-pt_br\/1st-chest-pt_br\/duvets-pt_br\/duvet-02-pt_br\/\">Continuar lendo <span class=\"screen-reader-text\">Duvet 02 &#8211; pt_BR<\/span><\/a><\/p>\n","protected":false},"author":1,"featured_media":0,"parent":7364,"menu_order":4,"comment_status":"closed","ping_status":"closed","template":"elementor_canvas","meta":[],"_links":{"self":[{"href":"https:\/\/raulcecilio.com\/index.php\/wp-json\/wp\/v2\/pages\/7513"}],"collection":[{"href":"https:\/\/raulcecilio.com\/index.php\/wp-json\/wp\/v2\/pages"}],"about":[{"href":"https:\/\/raulcecilio.com\/index.php\/wp-json\/wp\/v2\/types\/page"}],"author":[{"embeddable":true,"href":"https:\/\/raulcecilio.com\/index.php\/wp-json\/wp\/v2\/users\/1"}],"replies":[{"embeddable":true,"href":"https:\/\/raulcecilio.com\/index.php\/wp-json\/wp\/v2\/comments?post=7513"}],"version-history":[{"count":4,"href":"https:\/\/raulcecilio.com\/index.php\/wp-json\/wp\/v2\/pages\/7513\/revisions"}],"predecessor-version":[{"id":7517,"href":"https:\/\/raulcecilio.com\/index.php\/wp-json\/wp\/v2\/pages\/7513\/revisions\/7517"}],"up":[{"embeddable":true,"href":"https:\/\/raulcecilio.com\/index.php\/wp-json\/wp\/v2\/pages\/7364"}],"wp:attachment":[{"href":"https:\/\/raulcecilio.com\/index.php\/wp-json\/wp\/v2\/media?parent=7513"}],"curies":[{"name":"wp","href":"https:\/\/api.w.org\/{rel}","templated":true}]}}

<div data-elementor-type="wp-page" data-elementor-id="7513" class="elementor elementor-7513">
									<section class="elementor-section elementor-top-section elementor-element elementor-element-3ca3f79 elementor-section-boxed elementor-section-height-default elementor-section-height-default" data-id="3ca3f79" data-element_type="section">
						<div class="elementor-container elementor-column-gap-default">
					<div class="elementor-column elementor-col-66 elementor-top-column elementor-element elementor-element-ec5053f" data-id="ec5053f" data-element_type="column">
			<div class="elementor-widget-wrap elementor-element-populated">
								<div class="elementor-element elementor-element-4fdba38 elementor-widget elementor-widget-image" data-id="4fdba38" data-element_type="widget" data-widget_type="image.default">
				<div class="elementor-widget-container">
																<a href="http://raulcecilio.com/wp-content/uploads/2022/08/Duvet-02-G.jpg" data-elementor-open-lightbox="yes" data-elementor-lightbox-title="Duvet 02" data-e-action-hash="#elementor-action%3Aaction%3Dlightbox%26settings%3DeyJpZCI6NTg0OSwidXJsIjoiaHR0cHM6XC9cL3JhdWxjZWNpbGlvLmNvbVwvd3AtY29udGVudFwvdXBsb2Fkc1wvMjAyMlwvMDhcL0R1dmV0LTAyLUcuanBnIn0%3D">
							<img decoding="async" width="465" height="1024" src="https://raulcecilio.com/wp-content/uploads/2022/08/Duvet-02-G-465x1024.jpg" class="attachment-large size-large wp-image-5849" alt="" srcset="https://raulcecilio.com/wp-content/uploads/2022/08/Duvet-02-G-465x1024.jpg 465w, https://raulcecilio.com/wp-content/uploads/2022/08/Duvet-02-G-136x300.jpg 136w, https://raulcecilio.com/wp-content/uploads/2022/08/Duvet-02-G-768x1690.jpg 768w, https://raulcecilio.com/wp-content/uploads/2022/08/Duvet-02-G-698x1536.jpg 698w, https://raulcecilio.com/wp-content/uploads/2022/08/Duvet-02-G.jpg 840w" sizes="(max-width: 465px) 100vw, 465px" style="width:100%;height:220%;max-width:840px" />								</a>
															</div>
				</div>
				<div class="elementor-element elementor-element-a00b7a8 elementor-widget elementor-widget-image" data-id="a00b7a8" data-element_type="widget" data-widget_type="image.default">
				<div class="elementor-widget-container">
																<a href="http://raulcecilio.com/wp-content/uploads/2021/10/Duvet-02.jpg" data-elementor-open-lightbox="yes" data-e-action-hash="#elementor-action%3Aaction%3Dlightbox%26settings%3DeyJpZCI6MTY3OCwidXJsIjpmYWxzZX0%3D">
							<img decoding="async" src="http://raulcecilio.com/wp-content/uploads/2021/10/Duvet-02.jpg" title="" alt="" loading="lazy" />								</a>
															</div>
				</div>
					</div>
		</div>
				<div class="elementor-column elementor-col-33 elementor-top-column elementor-element elementor-element-0d6a1bb" data-id="0d6a1bb" data-element_type="column">
			<div class="elementor-widget-wrap elementor-element-populated">
								<div class="elementor-element elementor-element-233b1c9 elementor-widget elementor-widget-text-editor" data-id="233b1c9" data-element_type="widget" data-widget_type="text-editor.default">
				<div class="elementor-widget-container">
							<p>Duvet 02</p>						</div>
				</div>
				<div class="elementor-element elementor-element-2ce0e9b elementor-widget elementor-widget-text-editor" data-id="2ce0e9b" data-element_type="widget" data-widget_type="text-editor.default">
				<div class="elementor-widget-container">
							<p>Duvet 02, agosto de 2018, Raul Cecilio</p>						</div>
				</div>
				<div class="elementor-element elementor-element-2c3118d elementor-widget elementor-widget-text-editor" data-id="2c3118d" data-element_type="widget" data-widget_type="text-editor.default">
				<div class="elementor-widget-container">
							<p>Tamanho 44 x 20 cm</p>						</div>
				</div>
				<div class="elementor-element elementor-element-fbbef02 elementor-widget elementor-widget-text-editor" data-id="fbbef02" data-element_type="widget" data-widget_type="text-editor.default">
				<div class="elementor-widget-container">
							<p>Composição abstrata formada por 55 peças pintadas digitalmente. O conjunto das peças forma o edredon. Contém uma variedade de cores.</p>						</div>
				</div>
				<div class="elementor-element elementor-element-1061f68 elementor-widget elementor-widget-text-editor" data-id="1061f68" data-element_type="widget" data-widget_type="text-editor.default">
				<div class="elementor-widget-container">
							<p>Palavras-chave: arte moderna, arte contemporânea, arte decorativa, gravura emoldurada, mosaico, abstrato, arte de parede, decoração para sala, decoração para quarto, decoração para escritório, decoração para recepção, objeto de decoração, objeto de arte, peça de decoração, pintura, edredon, composição abstrata, impressão, gravura, geométrico, peças, azulejo, pastilha, colorido, edredon, raul cecilio</p>						</div>
				</div>
					</div>
		</div>
							</div>
		</section>
							</div>

<p>Duvet 02 Duvet 02, agosto de 2018, Raul Cecilio Tamanho 44 x 20 cm Composição abstrata formada por 55 peças pintadas digitalmente. O conjunto das peças forma o edredon. Contém uma variedade de cores. Palavras-chave: arte moderna, arte contemporânea, arte decorativa, gravura emoldurada, mosaico, abstrato, arte de parede, decoração para sala, decoração para quarto, decoração&hellip; <a class="more-link" href="https://raulcecilio.com/index.php/pt/collections-pt_br/ark-pieces-pt_br/1st-chest-pt_br/duvets-pt_br/duvet-02-pt_br/">Continuar lendo <span class="screen-reader-text">Duvet 02 &#8211; pt_BR</span></a></p>
